e billions digit of 3898008994?
3
What is the units digit of 614380706?
6
What is the hundreds digit of 4109636479?
4
What is the tens digit of 203542658?
5
What is the hundred thousands digit of 388492083?
4
What is the hundred thousands digit of 2114162806?
1
What is the units digit of 44864023?
3
What is the ten millions digit of 38845499?
3
What is the hundred thousands digit of 2629563622?
5
What is the ten millions digit of 1299978210?
9
What is the millions digit of 2392901470?
2
What is the ten millions digit of 2370940699?
7
What is the units digit of 30946870?
0
What is the hundred millions digit of 1247844319?
2
What is the hundreds digit of 1121304557?
5
What is the units digit of 97034985?
5
What is the ten millions digit of 339106864?
3
What is the hundred thousands digit of 2347744714?
7
What is the ten thousands digit of 40197561?
9
What is the tens digit of 57922504?
0
What is the tens digit of 77495963?
6
What is the units digit of 11590992?
2
What is the hundred thousands digit of 2666811141?
8
What is the ten thousands digit of 534212592?
1
What is the ten thousands digit of 24834745?
3
What is the hundred thousands digit of 2880522272?
5
What is the ten millions digit of 18671410?
1
What is the hundreds digit of 161043026?
0
What is the units digit of 61819639?
9
What is the ten thousands digit of 439506488?
0
What is the ten millions digit of 346077649?
4
What is the millions digit of 852620716?
2
What is the hundreds digit of 57666333?
3
What is the ten thousands digit of 47723603?
2
What is the ten millions digit of 181555792?
8
What is the ten thousands digit of 121447594?
4
What is the hundreds digit of 3256361296?
2
What is the ten thousands digit of 6139304515?
0
What is the thousands digit of 80517762?
7
What is the thousands digit of 128292674?
2
What is the hundred millions digit of 344646052?
3
What is the millions digit of 11108137?
1
What is the hundred thousands digit of 719434774?
4
What is the units digit of 51124417?
7
What is the millions digit of 41265688?
1
What is the millions digit of 254286366?
4
What is the thousands digit of 1306913290?
3
What is the units digit of 1021837261?
1
What is the hundred millions digit of 1888265531?
8
What is the tens digit of 1508486463?
6
What is the thousands digit of 333349308?
9
What is the hundred thousands digit of 8974747?
9
What is the millions digit of 2027231741?
7
What is the units digit of 833112568?
8
What is the millions digit of 3559049?
3
What is the tens digit of 110126823?
2
What is the millions digit of 1002460202?
2
What is the units digit of 79585274?
4
What is the ten thousands digit of 206041120?
4
What is the millions digit of 22985097?
2
What is the ten thousands digit of 453973401?
7
What is the hundred thousands digit of 64823288?
8
What is the hundred thousands digit of 98013707?
0
What is the tens digit of 19522158?
5
What is the hundred millions digit of 390985140?
3
What is the tens digit of 1210837795?
9
What is the millions digit of 141034383?
1
What is the hundreds digit of 383680906?
9
What is the ten thousands digit of 836317572?
1
What is the hundreds digit of 34750863?
8
What is the millions digit of 28096915?
8
What is the tens digit of 2736534998?
9
What is the ten thousands digit of 31542533?
4
What is the ten thousands digit of 779067871?
6
What is the ten millions digit of 842853816?
4
What is the hundreds digit of 43367553?
5
What is the hundred millions digit of 3511907781?
5
What is the tens digit of 274239379?
7
What is the millions digit of 446397145?
6
What is the ten millions digit of 1111635988?
1
What is the ten thousands digit of 31599927?
9
What is the hundreds digit of 1373280818?
8
What is the ten thousands digit of 57291738?
9
What is the ten thousands digit of 163430226?
3
What is the ten millions digit of 6988343119?
8
What is the thousands digit of 409169148?
9
What is the thousands digit of 296262083?
2
What is the tens digit of 187263837?
3
What is the hundred millions digit of 109816351?
1
What is the hundreds digit of 862708327?
3
What is the hundred millions digit of 3483411100?
4
What is the ten millions digit of 1827675204?
2
What is the millions digit of 11406903?
1
What is the ten millions digit of 78290937?
7
What is the tens digit of 57039504?
0
What is the ten thousands digit of 132886250?
8
What is the ten thousands digit of 1932924033?
2
What is the ten thousands digit of 55388473?
8
What is the ten thousands digit of 84868508?
6
What is the tens digit of 883926855?
5
What is the hundred millions digit of 1420556021?
4
What is the hundreds digit of 135745840?
8
What is the tens digit of 269641132?
3
What is the hundreds digit of 317901454?
4
What is the hundred millions digit of 101933853?
1
What is the hundred thousands digit of 5031322339?
3
What is the ten thousands digit of 322790823?
9
What is the ten millions digit of 31815636?
3
What is the ten millions digit of 36977213?
3
What is the millions digit of 117305055?
7
What is the ten millions digit of 265745054?
6
What is the tens digit of 456836305?
0
What is the millions digit of 978822310?
8
What is the hundred millions digit of 245823721?
2
What is the ten millions digit of 352554200?
5
What is the millions digit of 71002162?
1
What is the millions digit of 3232515459?
2
What is the millions digit of 19056318?
9
What is the billions digit of 1097464790?
1
What is the tens digit of 51420378?
7
What is the tens digit of 3529057313?
1
What is the ten millions digit of 1230092597?
3
What is the thousands digit of 45823236?
3
What is the tens digit of 369593914?
1
What is the ten millions digit of 3558896262?
5
What is the thousands digit of 78517401?
7
What is the units digit of 21183835?
5
What is the millions digit of 1349253662?
9
What is the hundred millions digit of 1407655380?
4
What is the hundred thousands digit of 102733823?
7
What is the hundred millions digit of 333228999?
3
What is the ten millions digit of 1024916455?
2
What is the tens digit of 48882340?
4
What is the tens digit of 245163533?
3
What is the billions digit of 2006224852?
2
What is the ten millions digit of 26556737?
2
What is the hundred millions digit of 619498939?
6
What is the hundred thousands digit of 939417628?
4
What is the ten thousands digit of 43407282?
0
What is the hundred millions digit of 849360714?
8
What is the ten millions digit of 144019432?
4
What is the tens digit of 4335620077?
7
What is the ten thousands digit of 608734743?
3
What is the hundreds digit of 3700478?
4
What is the units digit of 39561123?
3
What is the ten thousands digit of 37242161?
4
What is the ten millions digit of 711389532?
1
What is the hundred thousands digit of 102840115?
8
What is the ten thousands digit of 231486692?
8
What is the hundreds digit of 2092386180?
1
What is the hundred thousands digit of 3857861958?
8
What is the units digit of 734889685?
5
What is the units digit of 86214032?
2
What is the ten thousands digit of 1340999493?
9
What is the units digit of 3207420604?
4
What is the millions digit of 79407423?
9
What is the hundred millions digit of 888875118?
8
What is the ten millions digit of 572881806?
7
What is the thousands digit of 2686385498?
5
What is the thousands digit of 87478722?
8
What is the hundred millions digit of 1668131474?
6
What is the billions digit of 8212783282?
8
What is the millions digit of 36078926?
6
What is the hundred thousands digit of 925488032?
4
What is the hundred thousands digit of 71647460?
6
What is the millions digit of 186893240?
6
What is the thousands digit of 191005174?
5
What is the hundreds digit of 663884893?
8
What is the ten thousands digit of 640386938?
8
What is the units digit of 446309378?
8
What is the hundred thousands digit of 294091532?
0
What is the ten millions digit of 3343890388?
4
What is the hundreds digit of 65055772?
7
What is the ten thousands digit of 4755396151?
9
What is the ten thousands digit of 1589013348?
1
What is the tens digit of 8154479?
7
What is the hundred thousands digit of 167676448?
6
What is the tens digit of 79127110?
1
What is the hundred thousands digit of 3436771520?
7
What is the hundred millions digit of 1339641067?
3
What is the millions digit of 75777644?
5
Wha